ist the prime factors of (1 - (y + -4))*-5.
3, 5
Suppose 0*s - 4 = -s. Suppose 2*z - 84 - s = 0. List the prime factors of z.
2, 11
Let b(t) = 10*t + 1 + 3*t + 12*t - 3*t. What are the prime factors of b(1)?
23
Let i(t) = -t + 7. Let x be i(-5). Let o = -24 + 47. Let m = o - x. List the prime factors of m.
11
Let f = 6 - 4. Suppose f*l = -l + 6. Let a = l + 1. What are the prime factors of a?
3
Let c = -414 - -134. Suppose 2*z = 5*l - 0*z - 18, z + 11 = 3*l. List the prime factors of l/14 + c/(-49).
2, 3
Let x(l) = l - 2. Let w(z) be the first derivative of 3*z**4/2 - z**2 + z - 1. Let k be w(1). What are the prime factors of x(k)?
3
Suppose -63*o + 60*o = -744. What are the prime factors of o?
2, 31
Let c(m) = m**3 + 5*m**2 - m + 1. Let b = -3 + -2. Let l be c(b). Suppose r = 17 - l. What are the prime factors of r?
11
Suppose 2*g = 7 + 1. Suppose b + 0*b - 4*o = -22, -2*b + g*o - 28 = 0. List the prime factors of (b + -5)/(-2 + 1).
11
Let s = 9 - 4. Suppose 5*i + 3*m = 5, -m - 31 = -s*i - 6. Suppose 2*j = 24 - i. What are the prime factors of j?
2, 5
Suppose -4*c = -3*o - 0*c + 74, -3*c = -2*o + 50. What are the prime factors of o?
2, 11
Suppose -25 = -4*y + b, -4*y = 3*b - 6*b - 27. What are the prime factors of y/4*(2 - -8)?
3, 5
Let a(d) = 3*d**2 + 4*d - 2. Let i be a(-4). Suppose 8*r - i = 3*r. Let n = -1 + r. What are the prime factors of n?
5
Let f(k) = -k**2 + 9*k - 2. Let s be f(9). Let i(o) = -2*o. What are the prime factors of i(s)?
2
Suppose -r + 2 + 4 = -2*u, 0 = 3*r - 3*u - 15. Suppose 12 = 4*i - 2*j, r*j + 0*j - 3 = -i. What are the prime factors of i?
3
Let r = 16 + -12. Suppose 3*j - 68 = -20. Suppose -r*i + 4*h = -j, h - 20 = -5*i + 2*i. What are the prime factors of i?
2, 3
Let w = 0 - -1. What are the prime factors of 6 + -8 - (-5)/w?
3
Let y(h) = -h**3 - 15*h**2 - 5*h + 20. What are the prime factors of y(-15)?
5, 19
Let h(m) = 2*m**2 - 3*m + 4. List the prime factors of h(8).
2, 3
Let n = -84 + 119. Suppose 5*q + 5*f = n, -33 = -2*q - 2*q - 5*f. What are the prime factors of -1 + 0 - (-5 + q)?
2
Let r = 0 - -2. List the prime factors of r.
2
Suppose 3*v + v + 48 = -5*z, -5*v - 47 = 3*z. Let m(y) = y**3 + 7*y**2 + y - 6. Let l be m(v). Let p = l - -19. List the prime factors of p.
2, 3
Suppose -5*q + 7*o = 5*o - 523, -3*o + 423 = 4*q. List the prime factors of q.
3, 5, 7
Suppose a + 135 + 35 = 3*q, -4*a = -q + 75. List the prime factors of q.
5, 11
Let y be (-2)/6 - (-56)/24. Suppose 6 = -y*x + 3*x. What are the prime factors of x?
2, 3
Suppose -3*b = 2*k + 2, 4*k = 3*b + 1 - 5. Suppose b = 3*q + 2*q + 15. What are the prime factors of (q/(-12) - -1)*4?
5
Let p(d) = d + 7. Let f be p(-7). Suppose 40 = -f*g + 4*g. What are the prime factors of g?
2, 5
What are the prime factors of (3 + -32)/(-1 - 2/(-4))?
2, 29
Suppose 4*k - 130 = -k. List the prime factors of k.
2, 13
Suppose 3*a - a = 4. Suppose 54 = 4*h - 5*q, 5*h = -a*q + 8 + 43. What are the prime factors of h?
11
Let z = 448 - 238. What are the prime factors of z?
2, 3, 5, 7
Let l be 2/(-9) + (-174)/(-54). What are the prime factors of ((-12)/16)/(l/(-36))?
3
Suppose 0 = 4*s + 3*m - 60, s + 8*m - 15 = 3*m. What are the prime factors of s?
3, 5
Suppose 2*g - 8 = 4*g. List the prime factors of g/(-6)*63/6.
7
Let z = 272 - 113. What are the prime factors of z?
3, 53
Let z(u) = -5*u**3 + u**2 + 4*u - 4. List the prime factors of z(-3).
2
Let l = 14 + 85. What are the prime factors of l?
3, 11
Let a = 15 - 21. Let c(p) = -4 - 2 + 1 + 2*p + p**3 + 7*p**2. What are the prime factors of c(a)?
19
Let z(f) = -5 + 3 + 1 + 3*f**2 + 2*f**2. What are the prime factors of z(-1)?
2
Suppose -7*q = -1991 + 367. What are the prime factors of q?
2, 29
Suppose 9*r = 5*r - 52. Let b = 26 + r. List the prime factors of b.
13
Let s(a) = -a + 2. Let h be s(2). Suppose -5*b + 6*b - 24 = h. What are the prime factors of b?
2, 3
Let x(i) = i**2 - 4*i - 7. What are the prime factors of x(6)?
5
Let d(v) = -v**2 - 14*v - 6. Let z = 2 + -8. List the prime factors of d(z).
2, 3, 7
Let m = 8 - 6. Suppose 3*w - 72 = 2*w - 5*l, -m*w - 5*l = -124. Suppose 2*u - w = -4*j, -2*j + u - 6*u + 42 = 0. What are the prime factors of j?
11
Let u = 20 - 0. Suppose u = 9*z - 4*z. What are the prime factors of z?
2
Let q(v) = 3*v**2 - 2*v + 1. Let r be q(1). Let j be (-1 - -1)/3 + r. List the prime factors of 5*1*j/2.
5
Suppose -2 = -5*u + 18. Suppose -z + 4*y - 1 - 9 = 0, 2 = u*z - 2*y. Suppose z = l - 5. List the prime factors of l.
7
Suppose 22 = -3*k + 163. List the prime factors of k.
47
Suppose 3*j + 3*r - 7 = 4*j, 0 = 3*r - 12. Let k be 1*((-58)/(-6) - 4/6). Suppose -j*o + k = -91. List the prime factors of o.
2, 5
List the prime factors of 9 + (-2 + -1 - -2)*2.
7
Suppose 0 = -9*b + 91 - 10. List the prime factors of b.
3
Suppose 0 = -4*g + 5*j - 44, 4*g - g + 14 = -j. Let f(c) = c**2 + 8*c + 6. Let m be f(g). Let n = m + 16. List the prime factors of n.
2, 5
Let s be -6*(-1)/(-2) - -69. Suppose -5*k + 2*k = -s. List the prime factors of k.
2, 11
Let h be (10/(-15))/((-2)/15). Let k(d) = d**2 - d - 4. List the prime factors of k(h).
2
Suppose 9*w - 2312 = -530. What are the prime factors of w?
2, 3, 11
Suppose 0 = 5*v + 3*w - 13, 2*v + w = 4*v - 3. List the prime factors of v.
2
Suppose j - 3*j + 18 = 0. What are the prime factors of j?
3
Let m = 8 - 46. List the prime factors of 94/3 + m/(-57).
2
Let n = 82 + -17. What are the prime factors of n?
5, 13
Let m(y) = -y**3 - 3*y**2 - 3*y - 2. Let i be m(-3). Suppose 0 = 2*x - 3*x + i. What are the prime factors of x?
7
Suppose 2*x - n - 17 = x, 0 = 2*x + 3*n - 59. Suppose 214 = 4*k + x. What are the prime factors of k?
2, 3
Let q = 119 + -22. What are the prime factors of q?
97
Let s = 8 + -8. Suppose s*y + 17 = y - h, -3*h = 3*y - 27. List the prime factors of y.
13
Suppose -3*j = 2*j - 10. Suppose -j*z = -20 - 6. List the prime factors of z.
13
Suppose 0*n + n + 9 = 0. Suppose 0 = 2*p + 2*p + 68. Let k = n - p. List the prime factors of k.
2
Let v(y) be the second derivative of y**6/144 - y**5/60 + y**4/6 + y. Let u(a) be the third derivative of v(a). List the prime factors of u(2).
2
Let j = -5 - -24. What are the prime factors of j?
19
Suppose 0 = 9*a - 10*a + 312. What are the prime factors of a?
2, 3, 13
List the prime factors of 3 + (2 - -330 - -6).
11, 31
Suppose -16 = -5*v + v. Suppose 2*s + 9 = 3*y, 7*y - 13 = v*s + 2*y. List the prime factors of s.
3
Let q = -33 + 57. Suppose 9*f - q = 5*f. What are the prime factors of f?
2, 3
List the prime factors of -4*(55/(-4) - 1).
59
Let w(l) = 2*l - 2. Let u(b) = -2*b + 1. Let v = -2 - -5. Let c(j) = v*w(j) + 2*u(j). List the prime factors of c(6).
2
Suppose 2*f - 11 = f. Let x = -1 + f. What are the prime factors of x?
2, 5
Let a = 1 + 0. Suppose -f - a = -3. What are the prime factors of f?
2
Let q = 102 - -147. List the prime factors of q.
3, 83
List the prime factors of ((-2)/(-4))/((-1)/(-60)).
2, 3, 5
Let s = 3 - 2. Let z be (-2)/s*-3 - 1. Suppose 4*k = -3*i + 24, -k - i = -0*i - z. What are the prime factors of k?
3
Suppose -4*s - 30 = -7*s. Suppose 2*d - d + 2*k - s = 0, 0 = -4*d - 4*k + 28. Let x(q) = q**2 - 1. What are the prime factors of x(d)?
3, 5
Suppose -5*x = -250 + 40. List the prime factors of x.
2, 3, 7
Let c(z) = -z**3 + 9*z**2 + 10*z - 7. Let k be c(10). Let m(n) = n**3 + 7*n**2 - 2*n - 8. List the prime factors of m(k).
2, 3
Let n(p) = -p**3 - 9*p**2 + 3. Let q be n(-9). Suppose 34 = -j + q*j. Suppose 4*t = 5*v, -3*t - 2 = -j. What are the prime factors of v?
2
Let j(f) = -f + 1. Let u(x) = 6*x - 4. Let o(z) = -11*j(z) - 2*u(z). Let s = 10 - 15. List the prime factors of o(s).
2
Suppose 3*u = t - 42, -5*t + 5 + 25 = -3*u. Let r = 3 - u. Let p = r - 8. What are the prime factors of p?
2, 5
Suppose 5*k - 104 = 31. Let h = k - 17. List the prime factors of h.
2, 5
Suppose 2*f - 178 = 78. List the prime factors of f.
2
Let f = 110 + -29. Suppose -2*b = 11 - f. List the prime factors of b.
5, 7
Let z be (23*(-1 + 2))/(-1). Suppose 3*u + 70 = u. Let s = z - u. What are the prime factors of s?
2, 3
Suppose 2*i - 92 = -4*c, 4*i - c = 4*c + 223. What are the prime factors of i?
2, 13
Suppose 0 = -5*u + 3*v + 711, 2*v = u + 36 - 181. Suppose -4*w - o - 3*o = -180, 3*w + o = u. Suppose 0*c - w